Let x(s) = -s**2 + 11*s - 22. Determine x(z).
2
Let g(j) be the second derivative of 0 - 1/20*j**5 - 3/2*j**3 - 2/3*j**4 - 3*j**2 + 27*j. Suppose 4*y + 27 = -1. What is g(y)?
8
Let q be (12/4)/(84/(-476)). Let v(t) = 2*t + 42. Calculate v(q).
8
Let k(p) = 8 + 11 - 21 + p - 14 - 51. Give k(16).
-51
Let r(g) = g**3 + g**2 - g + 69. Let u(t) = 4*t**3 + t**2 - 6*t + 210. Let k(x) = -3*r(x) + u(x). Let b be (-4)/3*6/(-4). Determine k(b).
-3
Let z(t) = -5*t**2 + 7*t + 7. Let i be 15/(-5) + 102/10 + (-90)/75. Give z(i).
-131
Let y(u) be the third derivative of u**5/60 + 13*u**4/24 - 7*u**3/3 + u**2 + 4*u - 87. Calculate y(-8).
-54
Let h(y) = 11*y**2 + y**3 - 5 + 13*y**2 - 61*y**2 + 17*y**2 - y + 12*y**2. Determine h(8).
-13
Let p be ((-4)/(-2))/1*(7 + -6). Let z(v) be the second derivative of v**5/10 + v**4/12 - 697*v. Calculate z(p).
20
Let g(d) = -2*d. Let j be 0 + 6 - (-1 - -7). Suppose -5*o + j*o - 4*k = 5, -4*o - 40 = -4*k. What is g(o)?
10
Let y(x) = 6*x. Suppose -36*v = 39 + 33. Determine y(v).
-12
Let m(g) = -8*g**3 + 12*g**2 - g - 4. Let k be m(-1). Let t(n) = n**2 - 19*n + 14. Determine t(k).
-20
Let u(d) = -d + 13. Let b be (7 + 1 + -13 + 27)/(-2*1). Calculate u(b).
24
Let i(a) be the second derivative of a**5/20 - 5*a**4/12 - a**3/6 - 2*a**2 + 11092*a. Let d be 1*(3 - 2)*6. Let r = d + -1. Calculate i(r).
-9
Let d(i) be the second derivative of i**4/2 - i**3/6 - 4*i**2 - 300*i - 3. Determine d(-3).
49
Let a = 278 - 119. Suppose -7*z + a = -184. Let h(r) = -z - r - r + 47. Calculate h(-5).
8
Let m(t) = 25 + 22*t - 24*t + 33*t - 36*t. What is m(16)?
-55
Suppose -4*q = -3 + 11. Let h(d) be the third derivative of d**4/24 - 127117*d**2. Calculate h(q).
-2
Let m(h) = -6*h + 3. Suppose -391*o + 419*o = -280. Give m(o).
63
Let n(x) = -x - 30. Let u be n(-32). Let l(i) = -i**2 + u*i + 0*i**2 - 1 + 7 - 4. Calculate l(4).
-6
Suppose -14*l + 10*l = -384. Let a = l - 86. Let b(h) = 2*h + 4 - 1 + 6 - 3*h. What is b(a)?
-1
Let w(r) = 2*r**2 + r - 7. Let m(j) = -8*j**2 - 6*j + 29. Let k(f) = -m(f) - 3*w(f). Calculate k(-6).
46
Let h(p) = -6*p + 53. Suppose 35*z + 23*z - 174 = 0. Give h(z).
35
Let o = -10 + -31. Let c = o + 46. Let a = -11 + c. Let n(l) = l - 1. Give n(a).
-7
Let x(b) be the second derivative of b**3/6 - 2*b**2 - 173*b. Let t be ((-2 - -5)*-1)/1. Let p(c) = 1. Let u(h) = t*p(h) - x(h). Give u(-2).
3
Let b(l) = -l**2 - 1958*l + 0*l**2 + 974*l + 976*l + 5. Give b(-6).
17
Let o(b) = 4*b**2 - 54*b + 10. Let q(x) = 11*x**2 - 132*x + 24. Let y(v) = -12*o(v) + 5*q(v). Give y(2).
4
Let p(b) = b**3 - 24*b**2 - 20*b - 117. Let z be p(25). Let s be ((-10)/z)/((-130)/208). Let i(t) = t**2 - t + 4. Give i(s).
6
Let a(c) = -c**3 - 7*c**2 - 7*c. Suppose h - 3 = 45. Suppose -13*f = -21*f - h. Calculate a(f).
6
Let c(j) be the second derivative of -j**4/12 + 5*j**3/3 - 11*j**2/2 + 2*j. Let w = -2577 + 2585. What is c(w)?
5
Suppose -2*l = 245 + 27. Let t be 4/(-22) - l/22. Let g(z) = z - 3 + 2*z - t*z + 7*z. Calculate g(2).
5
Let x(n) = 2*n + 0*n + 2*n + 1256 + 1289 - 2478. What is x(0)?
67
Let x(r) = -5*r**3 + 27*r**2 - 26*r + 53. Let t(n) = -3*n**3 + n**2 - n - 1. Let w(q) = 2*t(q) - x(q). What is w(-26)?
-3
Let b(y) be the second derivative of y**3/6 - 10*y + 4. Let n = 2380 + -2387. Give b(n).
-7
Suppose -u - 9 = -2*f, -4*f + 3*u = 6*u - 43. Let y(o) = -9 + 35 + 5*o**2 - 11 - 4*o**2 - 10*o - f. What is y(6)?
-16
Let p(u) be the third derivative of 1/180*u**6 + 2/3*u**4 + 0*u + 0 + 30*u**2 + 0*u**3 + 1/20*u**5. Let k(m) be the second derivative of p(m). Give k(-4).
-10
Let x(m) = 342 - 432 + 2*m**2 + 14*m + 89 + 0*m**2. Calculate x(-6).
-13
Let j(i) = 2*i - 21. Let k = -544 + -24. Let p = k + 582. Determine j(p).
7
Let q be 2/((-252)/(-30) - 8). Let v be 4/(3 + -15)*-21. Let s(l) = -14*l**3 + 3 - l**2 + 6*l**2 + 13*l**3 - v. Give s(q).
-4
Let o be ((-675)/(-6))/(475/190). Let k(d) = -d**2 + 47*d - 92. Calculate k(o).
-2
Let c(m) be the second derivative of m**5/60 + m**4/24 - 23*m**3/6 - 53*m**2 + 206*m. Let q(s) be the first derivative of c(s). Calculate q(0).
-23
Let x be -3*(-30)/(-9) + 2. Let z(l) = 2*l**2 - 10*l - 9. Let q(k) = 5*k**2 - 29*k - 26. Let n(b) = x*z(b) + 3*q(b). Let f = 108 - 114. Give n(f).
0
Let m(x) = 10*x + 4596*x**2 - 9187*x**2 + 8*x - 30 + 4592*x**2. What is m(-18)?
-30
Let u(r) be the second derivative of r**6/120 - 3*r**5/20 - 11*r**4/24 - r**3/3 - 183*r**2/2 - 17*r. Let g(q) be the first derivative of u(q). Give g(10).
-12
Let g(k) = -57*k - 500. Let b(c) = 38*c + 338. Let r(z) = -8*b(z) - 5*g(z). Calculate r(-11).
5
Let w(j) be the first derivative of j**4/4 + 13*j**3/3 + 5*j**2 - 11*j - 633. Determine w(-12).
13
Suppose 134*w - 129*w = p - 17, -5*p - 4*w = -172. Let v(k) = -2*k**3 + 63*k**2 + 32*k + 5. What is v(p)?
5
Let v(m) = m**3 + 10*m**2 + 8*m - 7. Let f be (-3)/((-39)/(-9) + -4). What is v(f)?
2
Suppose -2*y = -4*w + 18, -5*y - 11 = -3*w - y. Let q(c) = -6*c - 1. Let d(i) = -i - 1. Let o(h) = 4*d(h) - q(h). What is o(w)?
7
Let o(y) = -y**2 + 7*y - 7. Let v be o(5). Let g(b) = -5*b - 9257 - 9412 + 18668. Determine g(v).
-16
Let w(a) = a - a**2 - 5*a + a. Let y(b) = 29 + 13*b**2 + 14*b + 4*b + 11*b**2 + b**3 - 7*b**2. Let z be y(-16). What is w(z)?
0
Let f(v) = 4*v - 19. Let y be f(9). Let j(o) = o**3 - 18*o**2 + 19*o - 29. Let p be j(y). Let c(r) = 0 + 2*r**2 - 7*r - 1 + 0. Give c(p).
14
Let f(t) be the first derivative of -8*t + 1/4*t**4 - 2*t**3 - 53 + 1/2*t**2. Determine f(6).
-2
Let x(j) = -j**3 + 46*j**2 + 33*j - 1524. Let f be x(46). Let g(a) = 16*a + 96. What is g(f)?
0
Let q(g) = g + 11. Let c be ((-513)/(-12))/((-2)/(-8)). Suppose -172*b - 8 = -c*b. What is q(b)?
3
Let w(f) = 3*f - 3. Let k be w(8). Suppose 3*l - k = -4*l. Let g be -3 - 6*l/9. Let q(j) = j**2 + 3*j - 4. Determine q(g).
6
Let n = 3186 + -3188. Let h(u) = 3*u + 4. Determine h(n).
-2
Suppose 0 = w + 4*r + 12, -9 = -0*r + 3*r. Let j(m) be the first derivative of m**4/4 + m**2/2 + 15*m + 17853. Determine j(w).
15
Suppose -58*y + 300 = 57*y + 35*y. Let u(g) be the first derivative of -8*g + 11 + 1/2*g**y. What is u(9)?
1
Let l(v) = -v**3 - v**2 + 3*v - 2. Let s(t) = -5*t**3 - 39*t**2 - 16*t - 17. Let h(g) = 6*l(g) - s(g). Give h(34).
5
Let n = -2 - -3. Let l(g) = -46*g**2 + 14*g - 7. Let x(i) = 13*i**2 - 4*i + 2. Let t(h) = l(h) + 3*x(h). Give t(n).
-6
Let c(x) be the second derivative of -x**4/6 + 7*x**3/6 - 3*x**2/2 + 9*x. Suppose 10*l - 38 = 12. Calculate c(l).
-18
Let f(y) be the first derivative of 191 - 2*y**2 - 7*y + 0 - 7*y. Give f(-4).
2
Let t(p) be the first derivative of -p**6/120 - p**4/8 - 70*p**3 - 205. Let j(f) be the third derivative of t(f). Give j(3).
-30
Let r(j) = -1 + 0 - j**2 + j + 0. Let x(g) = -8*g - 35. Let b(u) = -9*u - 36. Let o(v) = 2*b(v) - 3*x(v). Let t be o(-5). Give r(t).
-7
Let v(l) be the second derivative of 0 + 1/3*l**3 - 48*l + 11/2*l**2. Give v(-10).
-9
Let q = -7907 + 7907. Let i(w) be the third derivative of -w**2 + 1/24*w**4 + 0*w**3 + 0 + 1/60*w**5 + 0*w. Give i(q).
0
Suppose 1093*s - 1088*s = -3*l + 43, s + 4*l - 29 = 0. Let p(q) = -2*q**3 + 7*q**2 + 13*q - 9. Give p(s).
-19
Let k(y) = 4*y**3 + 21*y**2 + 48*y - 32. Let h(z) = 11*z**3 + 64*z**2 + 142*z - 98. Let j(c) = 3*h(c) - 8*k(c). What is j(-22)?
6
Let s(n) = -4*n**3 - 38*n**2 + 22*n - 2. Let q(h) = -31*h**2 - 2*h - 1. Let a(y) = q(y) - s(y). Determine a(2).
13
Let f be (9 - 11) + (0 + -1)*-16. Suppose 0 = -4*v + 16, 0*w + 2*v = -w + f. Let u(y) = y**3 - 5*y**2 - 5*y - 1. Determine u(w).
5
Let l = 214 + -380. Let c = l - -164. Let f(r) = -r + 7. Let z(j) = j - 4. Let a(w) = 3*f(w) + 5*z(w). Determine a(c).
-3
Let p be (-1 - 2)/((-6)/4). Let r(z) be the first derivative of z**4/4 - z**3/3 + 2*z**2 - 5*z + 110. Calculate r(p).
7
Let p = -331 + 325. Let t(m) = -2*m**2 - 9*m + 4. Let o(u) = 2*u**2 + 8*u - 3. Let z(d) = p*o(d) - 5*t(d). Suppose -4*y = y + 10. Give z(y).
-4
Let s be (48/60)/((-2)/10). Let d be (-1 + (-3 - s))/(-2). Let c(y) = 5 - 8 - 2*y + 3*y - 22. Calculate c(d).
-25
Let s(l) = l**3 - 8*l**2 + 4*l - 9. Let v(t) = -201 - 5*t - 7*t - t + 0. Let d be v(-16). Calculate s(d).
-30
Let c(g) = -2*g + 8. Let u be c(6). Let z(i) = 52*i**2 + 52*i**2 - 105*i**2 - 14 - 13 + 25 - i. Give z(u).
-14
Let n(j) = -j**3 - j + 1. Let p = 17388 + -17343. L